{"id":6668,"date":"2021-04-12T15:15:12","date_gmt":"2021-04-12T15:15:12","guid":{"rendered":"https:\/\/www.ortunonieto.cl\/zonafranca\/?post_type=product&#038;p=6668"},"modified":"2026-03-18T13:55:50","modified_gmt":"2026-03-18T13:55:50","slug":"te-moringa-limon-piramidal-de-sri-lanka","status":"publish","type":"product","link":"https:\/\/www.ortunonieto.cl\/zonafranca\/producto\/te-moringa-limon-piramidal-de-sri-lanka\/","title":{"rendered":"T\u00e9 Piramidal Moringa &#038; Lim\u00f3n"},"content":{"rendered":"<div id=\"_KmsfX5zjCrXE5OUPrMqkyAE20\" class=\"gy6Qzb oNjtBb V1sL5c\" aria-labelledby=\"_KmsfX5zjCrXE5OUPrMqkyAE21\">\n<div id=\"_KmsfX5zjCrXE5OUPrMqkyAE22\" data-hveid=\"CAwQBA\" data-ved=\"2ahUKEwicoNHH0u7qAhU1IrkGHSwlCRkQu04oAXoECAwQBA\">\n<div class=\"mod\" data-md=\"83\">\n<div class=\"di3YZe\">\n<div class=\"RqBzHd\">\n<div class=\"flex flex-col text-sm pb-25\">\n<article class=\"text-token-text-primary w-full focus:outline-none [--shadow-height:45px] has-data-writing-block:pointer-events-none has-data-writing-block:-mt-(--shadow-height) has-data-writing-block:pt-(--shadow-height) [&amp;:has([data-writing-block])&gt;*]:pointer-events-auto scroll-mt-[calc(var(--header-height)+min(200px,max(70px,20svh)))]\" dir=\"auto\" tabindex=\"-1\" data-turn-id=\"request-69b048f9-c0fc-8329-931b-b63f3ae61a77-13\" data-testid=\"conversation-turn-70\" data-scroll-anchor=\"true\" data-turn=\"assistant\">\n<div class=\"text-base my-auto mx-auto pb-10 [--thread-content-margin:var(--thread-content-margin-xs,calc(var(--spacing)*4))] @w-sm\/main:[--thread-content-margin:var(--thread-content-margin-sm,calc(var(--spacing)*6))] @w-lg\/main:[--thread-content-margin:var(--thread-content-margin-lg,calc(var(--spacing)*16))] px-(--thread-content-margin)\">\n<div class=\"[--thread-content-max-width:40rem] @w-lg\/main:[--thread-content-max-width:48rem] mx-auto max-w-(--thread-content-max-width) flex-1 group\/turn-messages focus-visible:outline-hidden relative flex w-full min-w-0 flex-col agent-turn\" tabindex=\"-1\">\n<div class=\"flex max-w-full flex-col gap-4 grow\">\n<div class=\"min-h-8 text-message relative flex w-full flex-col items-end gap-2 text-start break-words whitespace-normal [.text-message+&amp;]:mt-1\" dir=\"auto\" data-message-author-role=\"assistant\" data-message-id=\"55d74e34-d82f-42c7-bddb-1f0856cecc18\" data-message-model-slug=\"gpt-5-3\">\n<div class=\"flex w-full flex-col gap-1 empty:hidden\">\n<div class=\"markdown prose dark:prose-invert w-full wrap-break-word light markdown-new-styling\">\n<p data-start=\"819\" data-end=\"1150\">El <strong data-start=\"822\" data-end=\"854\">t\u00e9 piramidal moringa y lim\u00f3n<\/strong> es una deliciosa infusi\u00f3n que combina ingredientes naturales para ofrecer una experiencia arom\u00e1tica y refrescante. Esta mezcla re\u00fane el sabor suave de la <strong data-start=\"1009\" data-end=\"1050\"><span class=\"hover:entity-accent entity-underline inline cursor-pointer align-baseline\"><span class=\"whitespace-normal\">Moringa oleifera<\/span><\/span><\/strong> con el toque c\u00edtrico y fresco del lim\u00f3n, creando una bebida equilibrada y muy agradable al paladar.<\/p>\n<p data-start=\"1152\" data-end=\"1471\">El <strong data-start=\"1155\" data-end=\"1187\">t\u00e9 piramidal moringa y lim\u00f3n<\/strong> se presenta en bolsitas con forma piramidal, un formato que permite que los ingredientes se expandan mejor durante la preparaci\u00f3n. Gracias a esta forma, el agua circula con mayor facilidad dentro de la bolsita, permitiendo liberar de manera \u00f3ptima el aroma y el sabor de la infusi\u00f3n.<\/p>\n<p data-start=\"1473\" data-end=\"1788\">Cada taza de <strong data-start=\"1486\" data-end=\"1518\">t\u00e9 <\/strong>ofrece una combinaci\u00f3n refrescante entre las notas herbales de la moringa y el sabor c\u00edtrico del lim\u00f3n.<\/p>\n<p data-start=\"1790\" data-end=\"2065\">Preparado de forma tradicional, ofrece una bebida reconfortante ideal para momentos de descanso.\u00a0Combinada con el lim\u00f3n, esta mezcla ofrece un aroma agradable que hace que cada taza sea una experiencia relajante.<\/p>\n<p data-start=\"2298\" data-end=\"2451\">Su formato pr\u00e1ctico permite prepararlo f\u00e1cilmente en casa, en la oficina o en cualquier lugar donde se desee disfrutar de una bebida natural y arom\u00e1tica.<\/p>\n<p data-start=\"2453\" data-end=\"2579\">Disfruta del <strong data-start=\"2466\" data-end=\"2498\">t\u00e9 piramidal moringa y lim\u00f3n<\/strong> y transforma cada momento del d\u00eda en una pausa llena de sabor, aroma y frescura.<\/p>\n<\/div>\n<\/div>\n<\/div>\n<\/div>\n<\/div>\n<\/div>\n<\/article>\n<\/div>\n<p>Contiene 20 sobres pir\u00e1mide de 2gr cada uno<\/p>\n<p>Descubre m\u00e1s opciones en nuestra <strong data-start=\"3346\" data-end=\"3379\">categor\u00eda de t\u00e9 y caf\u00e9: <a href=\"https:\/\/www.ortunonieto.cl\/zonafranca\/categoria-producto\/te\/\">T\u00e9 &amp; Caf\u00e9 archivos &#8211; Ortu\u00f1o Nieto<\/a><\/strong><\/p>\n<\/div>\n<\/div>\n<\/div>\n<\/div>\n<\/div>\n<p><strong>CERTIFICACIONES INTERNACIONALES:\u00a0<\/strong>Nuestra marca se ajusta a los m\u00e1s altos est\u00e1ndares de calidad, siguiendo los procedimientos de prevenci\u00f3n, detecci\u00f3n y rechazo. Nuestra dedicaci\u00f3n, competencia y profesionalidad han sido reconocidas. \u00a1Nuestros certificados son una prueba tangible de nuestro compromiso con la excelencia!<\/p>\n<p><img fetchpriority=\"high\" decoding=\"async\" class=\"alignnone wp-image-4842\" src=\"https:\/\/www.ortunonieto.cl\/wp-content\/uploads\/2021\/04\/certificaciones-300x171.jpg\" alt=\"\" width=\"418\" height=\"238\" \/><\/p>\n<p>Cod: 7006<\/p>\n","protected":false},"excerpt":{"rendered":"<p data-start=\"552\" data-end=\"753\">El <strong data-start=\"555\" data-end=\"587\">t\u00e9 piramidal moringa y lim\u00f3n<\/strong> es una infusi\u00f3n arom\u00e1tica que combina las propiedades de la moringa con el toque fresco y c\u00edtrico del lim\u00f3n. Ideal para disfrutar una bebida natural y reconfortante.<\/p>\n","protected":false},"featured_media":6669,"template":"","meta":[],"product_brand":[],"product_cat":[42],"product_tag":[],"class_list":{"0":"post-6668","1":"product","2":"type-product","3":"status-publish","4":"has-post-thumbnail","6":"product_cat-imperdible-aroma-y-sabor-a-te","8":"first","9":"instock","10":"shipping-taxable","11":"purchasable","12":"product-type-simple"},"yoast_head":"<!-- This site is optimized with the Yoast SEO plugin v27.2 - https:\/\/yoast.com\/product\/yoast-seo-wordpress\/ -->\n<title>T\u00e9 Piramidal Moringa &amp; Lim\u00f3n - Ortu&ntilde;o Nieto<\/title>\n<meta name=\"description\" content=\"T\u00e9 piramidal moringa y lim\u00f3n con aroma herbal y c\u00edtrico. Una infusi\u00f3n natural y refrescante ideal para disfrutar caliente o fr\u00eda.\" \/>\n<meta name=\"robots\" content=\"index, follow, max-snippet:-1, max-image-preview:large, max-video-preview:-1\" \/>\n<link rel=\"canonical\" href=\"https:\/\/www.ortunonieto.cl\/zonafranca\/producto\/te-moringa-limon-piramidal-de-sri-lanka\/\" \/>\n<meta property=\"og:locale\" content=\"es_ES\" \/>\n<meta property=\"og:type\" content=\"article\" \/>\n<meta property=\"og:title\" content=\"T\u00e9 Piramidal Moringa &amp; Lim\u00f3n - Ortu&ntilde;o Nieto\" \/>\n<meta property=\"og:description\" content=\"T\u00e9 piramidal moringa y lim\u00f3n con aroma herbal y c\u00edtrico. Una infusi\u00f3n natural y refrescante ideal para disfrutar caliente o fr\u00eda.\" \/>\n<meta property=\"og:url\" content=\"https:\/\/www.ortunonieto.cl\/zonafranca\/producto\/te-moringa-limon-piramidal-de-sri-lanka\/\" \/>\n<meta property=\"og:site_name\" content=\"Ortu&ntilde;o Nieto\" \/>\n<meta property=\"article:publisher\" content=\"https:\/\/facebook.com\/importadoraortunonieto\" \/>\n<meta property=\"article:modified_time\" content=\"2026-03-18T13:55:50+00:00\" \/>\n<meta property=\"og:image\" content=\"https:\/\/www.ortunonieto.cl\/zonafranca\/wp-content\/uploads\/2021\/04\/7006.jpg\" \/>\n\t<meta property=\"og:image:width\" content=\"900\" \/>\n\t<meta property=\"og:image:height\" content=\"900\" \/>\n\t<meta property=\"og:image:type\" content=\"image\/jpeg\" \/>\n<meta name=\"twitter:card\" content=\"summary_large_image\" \/>\n<meta name=\"twitter:site\" content=\"@ortunonieto\" \/>\n<meta name=\"twitter:label1\" content=\"Tiempo de lectura\" \/>\n\t<meta name=\"twitter:data1\" content=\"2 minutos\" \/>\n<script type=\"application\/ld+json\" class=\"yoast-schema-graph\">{\"@context\":\"https:\/\/schema.org\",\"@graph\":[{\"@type\":\"WebPage\",\"@id\":\"https:\/\/www.ortunonieto.cl\/zonafranca\/producto\/te-moringa-limon-piramidal-de-sri-lanka\/\",\"url\":\"https:\/\/www.ortunonieto.cl\/zonafranca\/producto\/te-moringa-limon-piramidal-de-sri-lanka\/\",\"name\":\"T\u00e9 Piramidal Moringa & Lim\u00f3n - Ortu&ntilde;o Nieto\",\"isPartOf\":{\"@id\":\"https:\/\/www.ortunonieto.cl\/zonafranca\/#website\"},\"primaryImageOfPage\":{\"@id\":\"https:\/\/www.ortunonieto.cl\/zonafranca\/producto\/te-moringa-limon-piramidal-de-sri-lanka\/#primaryimage\"},\"image\":{\"@id\":\"https:\/\/www.ortunonieto.cl\/zonafranca\/producto\/te-moringa-limon-piramidal-de-sri-lanka\/#primaryimage\"},\"thumbnailUrl\":\"https:\/\/www.ortunonieto.cl\/zonafranca\/wp-content\/uploads\/2021\/04\/7006.jpg\",\"datePublished\":\"2021-04-12T15:15:12+00:00\",\"dateModified\":\"2026-03-18T13:55:50+00:00\",\"description\":\"T\u00e9 piramidal moringa y lim\u00f3n con aroma herbal y c\u00edtrico. Una infusi\u00f3n natural y refrescante ideal para disfrutar caliente o fr\u00eda.\",\"breadcrumb\":{\"@id\":\"https:\/\/www.ortunonieto.cl\/zonafranca\/producto\/te-moringa-limon-piramidal-de-sri-lanka\/#breadcrumb\"},\"inLanguage\":\"es\",\"potentialAction\":[{\"@type\":\"ReadAction\",\"target\":[\"https:\/\/www.ortunonieto.cl\/zonafranca\/producto\/te-moringa-limon-piramidal-de-sri-lanka\/\"]}]},{\"@type\":\"ImageObject\",\"inLanguage\":\"es\",\"@id\":\"https:\/\/www.ortunonieto.cl\/zonafranca\/producto\/te-moringa-limon-piramidal-de-sri-lanka\/#primaryimage\",\"url\":\"https:\/\/www.ortunonieto.cl\/zonafranca\/wp-content\/uploads\/2021\/04\/7006.jpg\",\"contentUrl\":\"https:\/\/www.ortunonieto.cl\/zonafranca\/wp-content\/uploads\/2021\/04\/7006.jpg\",\"width\":900,\"height\":900},{\"@type\":\"BreadcrumbList\",\"@id\":\"https:\/\/www.ortunonieto.cl\/zonafranca\/producto\/te-moringa-limon-piramidal-de-sri-lanka\/#breadcrumb\",\"itemListElement\":[{\"@type\":\"ListItem\",\"position\":1,\"name\":\"Portada\",\"item\":\"https:\/\/www.ortunonieto.cl\/zonafranca\/\"},{\"@type\":\"ListItem\",\"position\":2,\"name\":\"Tienda\",\"item\":\"https:\/\/www.ortunonieto.cl\/zonafranca\/shop\/\"},{\"@type\":\"ListItem\",\"position\":3,\"name\":\"T\u00e9 Piramidal Moringa &#038; Lim\u00f3n\"}]},{\"@type\":\"WebSite\",\"@id\":\"https:\/\/www.ortunonieto.cl\/zonafranca\/#website\",\"url\":\"https:\/\/www.ortunonieto.cl\/zonafranca\/\",\"name\":\"Ortu&ntilde;o Nieto\",\"description\":\"Iquique - Arica\",\"publisher\":{\"@id\":\"https:\/\/www.ortunonieto.cl\/zonafranca\/#organization\"},\"potentialAction\":[{\"@type\":\"SearchAction\",\"target\":{\"@type\":\"EntryPoint\",\"urlTemplate\":\"https:\/\/www.ortunonieto.cl\/zonafranca\/?s={search_term_string}\"},\"query-input\":{\"@type\":\"PropertyValueSpecification\",\"valueRequired\":true,\"valueName\":\"search_term_string\"}}],\"inLanguage\":\"es\"},{\"@type\":\"Organization\",\"@id\":\"https:\/\/www.ortunonieto.cl\/zonafranca\/#organization\",\"name\":\"Ortu&ntilde;o Nieto\",\"url\":\"https:\/\/www.ortunonieto.cl\/zonafranca\/\",\"logo\":{\"@type\":\"ImageObject\",\"inLanguage\":\"es\",\"@id\":\"https:\/\/www.ortunonieto.cl\/zonafranca\/#\/schema\/logo\/image\/\",\"url\":\"https:\/\/www.ortunonieto.cl\/zonafranca\/wp-content\/uploads\/2020\/04\/logo_ortuno_nieto2.png\",\"contentUrl\":\"https:\/\/www.ortunonieto.cl\/zonafranca\/wp-content\/uploads\/2020\/04\/logo_ortuno_nieto2.png\",\"width\":115,\"height\":71,\"caption\":\"Ortu&ntilde;o Nieto\"},\"image\":{\"@id\":\"https:\/\/www.ortunonieto.cl\/zonafranca\/#\/schema\/logo\/image\/\"},\"sameAs\":[\"https:\/\/facebook.com\/importadoraortunonieto\",\"https:\/\/x.com\/ortunonieto\",\"https:\/\/www.instagram.com\/garotochile\/\"]}]}<\/script>\n<!-- \/ Yoast SEO plugin. -->","yoast_head_json":{"title":"T\u00e9 Piramidal Moringa & Lim\u00f3n - Ortu&ntilde;o Nieto","description":"T\u00e9 piramidal moringa y lim\u00f3n con aroma herbal y c\u00edtrico. Una infusi\u00f3n natural y refrescante ideal para disfrutar caliente o fr\u00eda.","robots":{"index":"index","follow":"follow","max-snippet":"max-snippet:-1","max-image-preview":"max-image-preview:large","max-video-preview":"max-video-preview:-1"},"canonical":"https:\/\/www.ortunonieto.cl\/zonafranca\/producto\/te-moringa-limon-piramidal-de-sri-lanka\/","og_locale":"es_ES","og_type":"article","og_title":"T\u00e9 Piramidal Moringa & Lim\u00f3n - Ortu&ntilde;o Nieto","og_description":"T\u00e9 piramidal moringa y lim\u00f3n con aroma herbal y c\u00edtrico. Una infusi\u00f3n natural y refrescante ideal para disfrutar caliente o fr\u00eda.","og_url":"https:\/\/www.ortunonieto.cl\/zonafranca\/producto\/te-moringa-limon-piramidal-de-sri-lanka\/","og_site_name":"Ortu&ntilde;o Nieto","article_publisher":"https:\/\/facebook.com\/importadoraortunonieto","article_modified_time":"2026-03-18T13:55:50+00:00","og_image":[{"width":900,"height":900,"url":"https:\/\/www.ortunonieto.cl\/zonafranca\/wp-content\/uploads\/2021\/04\/7006.jpg","type":"image\/jpeg"}],"twitter_card":"summary_large_image","twitter_site":"@ortunonieto","twitter_misc":{"Tiempo de lectura":"2 minutos"},"schema":{"@context":"https:\/\/schema.org","@graph":[{"@type":"WebPage","@id":"https:\/\/www.ortunonieto.cl\/zonafranca\/producto\/te-moringa-limon-piramidal-de-sri-lanka\/","url":"https:\/\/www.ortunonieto.cl\/zonafranca\/producto\/te-moringa-limon-piramidal-de-sri-lanka\/","name":"T\u00e9 Piramidal Moringa & Lim\u00f3n - Ortu&ntilde;o Nieto","isPartOf":{"@id":"https:\/\/www.ortunonieto.cl\/zonafranca\/#website"},"primaryImageOfPage":{"@id":"https:\/\/www.ortunonieto.cl\/zonafranca\/producto\/te-moringa-limon-piramidal-de-sri-lanka\/#primaryimage"},"image":{"@id":"https:\/\/www.ortunonieto.cl\/zonafranca\/producto\/te-moringa-limon-piramidal-de-sri-lanka\/#primaryimage"},"thumbnailUrl":"https:\/\/www.ortunonieto.cl\/zonafranca\/wp-content\/uploads\/2021\/04\/7006.jpg","datePublished":"2021-04-12T15:15:12+00:00","dateModified":"2026-03-18T13:55:50+00:00","description":"T\u00e9 piramidal moringa y lim\u00f3n con aroma herbal y c\u00edtrico. Una infusi\u00f3n natural y refrescante ideal para disfrutar caliente o fr\u00eda.","breadcrumb":{"@id":"https:\/\/www.ortunonieto.cl\/zonafranca\/producto\/te-moringa-limon-piramidal-de-sri-lanka\/#breadcrumb"},"inLanguage":"es","potentialAction":[{"@type":"ReadAction","target":["https:\/\/www.ortunonieto.cl\/zonafranca\/producto\/te-moringa-limon-piramidal-de-sri-lanka\/"]}]},{"@type":"ImageObject","inLanguage":"es","@id":"https:\/\/www.ortunonieto.cl\/zonafranca\/producto\/te-moringa-limon-piramidal-de-sri-lanka\/#primaryimage","url":"https:\/\/www.ortunonieto.cl\/zonafranca\/wp-content\/uploads\/2021\/04\/7006.jpg","contentUrl":"https:\/\/www.ortunonieto.cl\/zonafranca\/wp-content\/uploads\/2021\/04\/7006.jpg","width":900,"height":900},{"@type":"BreadcrumbList","@id":"https:\/\/www.ortunonieto.cl\/zonafranca\/producto\/te-moringa-limon-piramidal-de-sri-lanka\/#breadcrumb","itemListElement":[{"@type":"ListItem","position":1,"name":"Portada","item":"https:\/\/www.ortunonieto.cl\/zonafranca\/"},{"@type":"ListItem","position":2,"name":"Tienda","item":"https:\/\/www.ortunonieto.cl\/zonafranca\/shop\/"},{"@type":"ListItem","position":3,"name":"T\u00e9 Piramidal Moringa &#038; Lim\u00f3n"}]},{"@type":"WebSite","@id":"https:\/\/www.ortunonieto.cl\/zonafranca\/#website","url":"https:\/\/www.ortunonieto.cl\/zonafranca\/","name":"Ortu&ntilde;o Nieto","description":"Iquique - Arica","publisher":{"@id":"https:\/\/www.ortunonieto.cl\/zonafranca\/#organization"},"potentialAction":[{"@type":"SearchAction","target":{"@type":"EntryPoint","urlTemplate":"https:\/\/www.ortunonieto.cl\/zonafranca\/?s={search_term_string}"},"query-input":{"@type":"PropertyValueSpecification","valueRequired":true,"valueName":"search_term_string"}}],"inLanguage":"es"},{"@type":"Organization","@id":"https:\/\/www.ortunonieto.cl\/zonafranca\/#organization","name":"Ortu&ntilde;o Nieto","url":"https:\/\/www.ortunonieto.cl\/zonafranca\/","logo":{"@type":"ImageObject","inLanguage":"es","@id":"https:\/\/www.ortunonieto.cl\/zonafranca\/#\/schema\/logo\/image\/","url":"https:\/\/www.ortunonieto.cl\/zonafranca\/wp-content\/uploads\/2020\/04\/logo_ortuno_nieto2.png","contentUrl":"https:\/\/www.ortunonieto.cl\/zonafranca\/wp-content\/uploads\/2020\/04\/logo_ortuno_nieto2.png","width":115,"height":71,"caption":"Ortu&ntilde;o Nieto"},"image":{"@id":"https:\/\/www.ortunonieto.cl\/zonafranca\/#\/schema\/logo\/image\/"},"sameAs":["https:\/\/facebook.com\/importadoraortunonieto","https:\/\/x.com\/ortunonieto","https:\/\/www.instagram.com\/garotochile\/"]}]}},"_links":{"self":[{"href":"https:\/\/www.ortunonieto.cl\/zonafranca\/wp-json\/wp\/v2\/product\/6668","targetHints":{"allow":["GET"]}}],"collection":[{"href":"https:\/\/www.ortunonieto.cl\/zonafranca\/wp-json\/wp\/v2\/product"}],"about":[{"href":"https:\/\/www.ortunonieto.cl\/zonafranca\/wp-json\/wp\/v2\/types\/product"}],"wp:featuredmedia":[{"embeddable":true,"href":"https:\/\/www.ortunonieto.cl\/zonafranca\/wp-json\/wp\/v2\/media\/6669"}],"wp:attachment":[{"href":"https:\/\/www.ortunonieto.cl\/zonafranca\/wp-json\/wp\/v2\/media?parent=6668"}],"wp:term":[{"taxonomy":"product_brand","embeddable":true,"href":"https:\/\/www.ortunonieto.cl\/zonafranca\/wp-json\/wp\/v2\/product_brand?post=6668"},{"taxonomy":"product_cat","embeddable":true,"href":"https:\/\/www.ortunonieto.cl\/zonafranca\/wp-json\/wp\/v2\/product_cat?post=6668"},{"taxonomy":"product_tag","embeddable":true,"href":"https:\/\/www.ortunonieto.cl\/zonafranca\/wp-json\/wp\/v2\/product_tag?post=6668"}],"curies":[{"name":"wp","href":"https:\/\/api.w.org\/{rel}","templated":true}]}}